{"id":260,"date":"2024-09-14T21:09:04","date_gmt":"2024-09-14T21:09:04","guid":{"rendered":"https:\/\/hilares.mx\/?post_type=product&#038;p=260"},"modified":"2025-01-28T17:34:38","modified_gmt":"2025-01-28T17:34:38","slug":"artesania-oaxaquena-buho","status":"publish","type":"product","link":"https:\/\/hilares.mx\/?product=artesania-oaxaquena-buho","title":{"rendered":"Artesan\u00eda Oaxaque\u00f1a &#8211; Buho"},"content":{"rendered":"<p>Tejido a mano con la t\u00e9cnica de macram\u00e9.<\/p>\n","protected":false},"excerpt":{"rendered":"<p>Tejido a mano con la t\u00e9cnica de macram\u00e9.<\/p>\n","protected":false},"featured_media":261,"comment_status":"open","ping_status":"closed","template":"","meta":{"_uag_custom_page_level_css":"","_monsterinsights_skip_tracking":false,"_monsterinsights_sitenote_active":false,"_monsterinsights_sitenote_note":"","_monsterinsights_sitenote_category":0},"product_cat":[61],"product_tag":[],"aioseo_notices":[],"uagb_featured_image_src":{"full":["https:\/\/hilares.mx\/wp-content\/uploads\/2024\/09\/IMG_8986-copy.jpg",1935,2500,false],"thumbnail":["https:\/\/hilares.mx\/wp-content\/uploads\/2024\/09\/IMG_8986-copy-150x150.jpg",150,150,true],"medium":["https:\/\/hilares.mx\/wp-content\/uploads\/2024\/09\/IMG_8986-copy-232x300.jpg",232,300,true],"medium_large":["https:\/\/hilares.mx\/wp-content\/uploads\/2024\/09\/IMG_8986-copy-768x992.jpg",768,992,true],"large":["https:\/\/hilares.mx\/wp-content\/uploads\/2024\/09\/IMG_8986-copy-793x1024.jpg",793,1024,true],"1536x1536":["https:\/\/hilares.mx\/wp-content\/uploads\/2024\/09\/IMG_8986-copy-1189x1536.jpg",1189,1536,true],"2048x2048":["https:\/\/hilares.mx\/wp-content\/uploads\/2024\/09\/IMG_8986-copy-1585x2048.jpg",1585,2048,true],"woocommerce_thumbnail":["https:\/\/hilares.mx\/wp-content\/uploads\/2024\/09\/IMG_8986-copy-300x388.jpg",300,388,true],"woocommerce_single":["https:\/\/hilares.mx\/wp-content\/uploads\/2024\/09\/IMG_8986-copy-600x775.jpg",600,775,true],"woocommerce_gallery_thumbnail":["https:\/\/hilares.mx\/wp-content\/uploads\/2024\/09\/IMG_8986-copy-100x100.jpg",100,100,true]},"uagb_author_info":{"display_name":"hilares.mx","author_link":"https:\/\/hilares.mx\/?author=0"},"uagb_comment_info":0,"uagb_excerpt":"Tejido a mano con la t\u00e9cnica de macram\u00e9.","_links":{"self":[{"href":"https:\/\/hilares.mx\/index.php?rest_route=\/wp\/v2\/product\/260"}],"collection":[{"href":"https:\/\/hilares.mx\/index.php?rest_route=\/wp\/v2\/product"}],"about":[{"href":"https:\/\/hilares.mx\/index.php?rest_route=\/wp\/v2\/types\/product"}],"replies":[{"embeddable":true,"href":"https:\/\/hilares.mx\/index.php?rest_route=%2Fwp%2Fv2%2Fcomments&post=260"}],"wp:featuredmedia":[{"embeddable":true,"href":"https:\/\/hilares.mx\/index.php?rest_route=\/wp\/v2\/media\/261"}],"wp:attachment":[{"href":"https:\/\/hilares.mx\/index.php?rest_route=%2Fwp%2Fv2%2Fmedia&parent=260"}],"wp:term":[{"taxonomy":"product_cat","embeddable":true,"href":"https:\/\/hilares.mx\/index.php?rest_route=%2Fwp%2Fv2%2Fproduct_cat&post=260"},{"taxonomy":"product_tag","embeddable":true,"href":"https:\/\/hilares.mx\/index.php?rest_route=%2Fwp%2Fv2%2Fproduct_tag&post=260"}],"curies":[{"name":"wp","href":"https:\/\/api.w.org\/{rel}","templated":true}]}}